{"id":28,"date":"2024-10-30T18:36:41","date_gmt":"2024-10-30T18:36:41","guid":{"rendered":"http:\/\/neu.ig-marialinden.de\/?page_id=28"},"modified":"2025-09-21T19:49:03","modified_gmt":"2025-09-21T19:49:03","slug":"vorstand","status":"publish","type":"page","link":"https:\/\/ig-marialinden.de\/?page_id=28","title":{"rendered":"Der Vorstand"},"content":{"rendered":"\n<div class=\"wp-block-columns alignwide is-layout-flex wp-container-core-columns-is-layout-3 wp-block-columns-is-layout-flex\">\n<div class=\"wp-block-column is-layout-flow wp-block-column-is-layout-flow\">\n<div class=\"wp-block-group alignfull has-global-padding is-layout-constrained wp-container-core-group-is-layout-11 wp-block-group-is-layout-constrained\" style=\"margin-top:0;margin-bottom:0;padding-top:var(--wp--preset--spacing--50);padding-right:var(--wp--preset--spacing--50);padding-bottom:var(--wp--preset--spacing--50);padding-left:var(--wp--preset--spacing--50)\">\n<div class=\"wp-block-group is-vertical is-content-justification-center is-layout-flex wp-container-core-group-is-layout-1 wp-block-group-is-layout-flex\">\n<p class=\"has-text-align-center\">Alaaf zusammen! Willkommen auf der n\u00e4rrischen Vorstandsseite unseres Karnevalsvereins, der jedes Jahr den buntesten Karnevalszug weit und breit auf die Beine stellt! Hier pr\u00e4sentieren wir euch die schillernden Pers\u00f6nlichkeiten, die hinter den Kulissen die Bonbons z\u00e4hlen, die Wagen schm\u00fccken und die Musikkapellen in Stimmung bringen. Lernt unsere fr\u00f6hlichen Chaoskoordinatoren kennen, die mit viel Humor und einer ordentlichen Portion Konfetti das n\u00e4rrische Treiben auf die Stra\u00dfen zaubern. Also setzt eure Narrenkappen auf und taucht ein in die bunte Welt unseres Vorstands!<\/p>\n<\/div>\n\n\n\n<div style=\"height:var(--wp--preset--spacing--30)\" aria-hidden=\"true\" class=\"wp-block-spacer\"><\/div>\n\n\n\n<div class=\"wp-block-columns alignwide is-layout-flex wp-container-core-columns-is-layout-1 wp-block-columns-is-layout-flex\" style=\"padding-right:0;padding-left:0\">\n<div class=\"wp-block-column is-layout-flow wp-block-column-is-layout-flow\">\n<figure class=\"wp-block-gallery has-nested-images columns-default is-cropped wp-block-gallery-2 is-layout-flex wp-block-gallery-is-layout-flex\">\n<figure class=\"wp-block-image size-full is-style-rounded is-style-rounded--1\"><img loading=\"lazy\" decoding=\"async\" width=\"1920\" height=\"2560\" src=\"https:\/\/ig-marialinden.de\/wp-content\/uploads\/2024\/10\/20220130_113039-scaled-2.jpg\" alt=\"\" class=\"wp-image-35\" style=\"aspect-ratio:1;object-fit:cover\" srcset=\"https:\/\/ig-marialinden.de\/wp-content\/uploads\/2024\/10\/20220130_113039-scaled-2.jpg 1920w, https:\/\/ig-marialinden.de\/wp-content\/uploads\/2024\/10\/20220130_113039-scaled-2-225x300.jpg 225w, https:\/\/ig-marialinden.de\/wp-content\/uploads\/2024\/10\/20220130_113039-scaled-2-768x1024.jpg 768w, https:\/\/ig-marialinden.de\/wp-content\/uploads\/2024\/10\/20220130_113039-scaled-2-1152x1536.jpg 1152w, https:\/\/ig-marialinden.de\/wp-content\/uploads\/2024\/10\/20220130_113039-scaled-2-1536x2048.jpg 1536w\" sizes=\"auto, (max-width: 1920px) 100vw, 1920px\" \/><\/figure>\n<\/figure>\n\n\n\n<div class=\"wp-block-group is-vertical is-content-justification-center is-nowrap is-layout-flex wp-container-core-group-is-layout-2 wp-block-group-is-layout-flex\">\n<p class=\"has-text-align-center has-small-font-size\"><strong>Christian&nbsp;Merten<\/strong><\/p>\n\n\n\n<p class=\"has-text-align-center has-small-font-size\">1. Vorsitzender<\/p>\n<\/div>\n<\/div>\n\n\n\n<div class=\"wp-block-column is-layout-flow wp-block-column-is-layout-flow\">\n<figure class=\"wp-block-gallery has-nested-images columns-default is-cropped wp-block-gallery-4 is-layout-flex wp-block-gallery-is-layout-flex\">\n<figure class=\"wp-block-image size-full is-style-rounded is-style-rounded--3\"><img loading=\"lazy\" decoding=\"async\" width=\"1920\" height=\"2560\" src=\"https:\/\/ig-marialinden.de\/wp-content\/uploads\/2024\/10\/20220130_1130270-scaled-1.jpg\" alt=\"\" class=\"wp-image-38\" style=\"aspect-ratio:1;object-fit:cover\" srcset=\"https:\/\/ig-marialinden.de\/wp-content\/uploads\/2024\/10\/20220130_1130270-scaled-1.jpg 1920w, https:\/\/ig-marialinden.de\/wp-content\/uploads\/2024\/10\/20220130_1130270-scaled-1-225x300.jpg 225w, https:\/\/ig-marialinden.de\/wp-content\/uploads\/2024\/10\/20220130_1130270-scaled-1-768x1024.jpg 768w, https:\/\/ig-marialinden.de\/wp-content\/uploads\/2024\/10\/20220130_1130270-scaled-1-1152x1536.jpg 1152w, https:\/\/ig-marialinden.de\/wp-content\/uploads\/2024\/10\/20220130_1130270-scaled-1-1536x2048.jpg 1536w\" sizes=\"auto, (max-width: 1920px) 100vw, 1920px\" \/><\/figure>\n<\/figure>\n\n\n\n<div class=\"wp-block-group is-vertical is-content-justification-center is-nowrap is-layout-flex wp-container-core-group-is-layout-3 wp-block-group-is-layout-flex\">\n<p class=\"has-text-align-center has-small-font-size\"><strong>Erik Welzel<\/strong><\/p>\n\n\n\n<p class=\"has-text-align-center has-small-font-size\">2. Vorsitzender<\/p>\n<\/div>\n<\/div>\n\n\n\n<div class=\"wp-block-column is-layout-flow wp-block-column-is-layout-flow\">\n<figure class=\"wp-block-gallery has-nested-images columns-default is-cropped wp-block-gallery-6 is-layout-flex wp-block-gallery-is-layout-flex\">\n<figure class=\"wp-block-image size-full is-style-rounded is-style-rounded--5\"><img loading=\"lazy\" decoding=\"async\" width=\"1920\" height=\"2560\" src=\"https:\/\/ig-marialinden.de\/wp-content\/uploads\/2024\/10\/20220130_1127370-scaled-1.jpg\" alt=\"\" class=\"wp-image-37\" style=\"aspect-ratio:1;object-fit:cover\" srcset=\"https:\/\/ig-marialinden.de\/wp-content\/uploads\/2024\/10\/20220130_1127370-scaled-1.jpg 1920w, https:\/\/ig-marialinden.de\/wp-content\/uploads\/2024\/10\/20220130_1127370-scaled-1-225x300.jpg 225w, https:\/\/ig-marialinden.de\/wp-content\/uploads\/2024\/10\/20220130_1127370-scaled-1-768x1024.jpg 768w, https:\/\/ig-marialinden.de\/wp-content\/uploads\/2024\/10\/20220130_1127370-scaled-1-1152x1536.jpg 1152w, https:\/\/ig-marialinden.de\/wp-content\/uploads\/2024\/10\/20220130_1127370-scaled-1-1536x2048.jpg 1536w\" sizes=\"auto, (max-width: 1920px) 100vw, 1920px\" \/><\/figure>\n<\/figure>\n\n\n\n<div class=\"wp-block-group is-vertical is-content-justification-center is-nowrap is-layout-flex wp-container-core-group-is-layout-4 wp-block-group-is-layout-flex\">\n<p class=\"has-text-align-center has-small-font-size\"><strong>Ute&nbsp;Urner<\/strong><\/p>\n\n\n\n<p class=\"has-text-align-center has-small-font-size\">1.Kassiererin<br><\/p>\n<\/div>\n<\/div>\n\n\n\n<div class=\"wp-block-column is-layout-flow wp-block-column-is-layout-flow\">\n<figure class=\"wp-block-gallery has-nested-images columns-default is-cropped wp-block-gallery-8 is-layout-flex wp-block-gallery-is-layout-flex\">\n<figure class=\"wp-block-image size-full is-style-rounded is-style-rounded--7\"><img loading=\"lazy\" decoding=\"async\" width=\"122\" height=\"120\" src=\"https:\/\/ig-marialinden.de\/wp-content\/uploads\/2024\/10\/ig_logo.png\" alt=\"\" class=\"wp-image-7\" style=\"aspect-ratio:1;object-fit:cover\"\/><\/figure>\n<\/figure>\n\n\n\n<div class=\"wp-block-group is-vertical is-content-justification-center is-nowrap is-layout-flex wp-container-core-group-is-layout-5 wp-block-group-is-layout-flex\">\n<p class=\"has-text-align-center has-small-font-size\"><strong>Alexandra Stumpf<\/strong><\/p>\n\n\n\n<p class=\"has-text-align-center has-small-font-size\">2.Kassiererin<\/p>\n<\/div>\n<\/div>\n<\/div>\n\n\n\n<div class=\"wp-block-group alignfull has-global-padding is-layout-constrained wp-container-core-group-is-layout-10 wp-block-group-is-layout-constrained\" style=\"margin-top:0;margin-bottom:0;padding-top:var(--wp--preset--spacing--50);padding-right:var(--wp--preset--spacing--50);padding-bottom:var(--wp--preset--spacing--50);padding-left:var(--wp--preset--spacing--50)\">\n<div style=\"height:var(--wp--preset--spacing--30)\" aria-hidden=\"true\" class=\"wp-block-spacer\"><\/div>\n\n\n\n<div class=\"wp-block-columns alignwide is-layout-flex wp-container-core-columns-is-layout-2 wp-block-columns-is-layout-flex\" style=\"padding-right:0;padding-left:0\">\n<div class=\"wp-block-column is-layout-flow wp-block-column-is-layout-flow\">\n<figure class=\"wp-block-gallery has-nested-images columns-default is-cropped wp-block-gallery-10 is-layout-flex wp-block-gallery-is-layout-flex\">\n<figure class=\"wp-block-image size-full is-style-rounded is-style-rounded--9\"><img loading=\"lazy\" decoding=\"async\" width=\"122\" height=\"120\" src=\"https:\/\/ig-marialinden.de\/wp-content\/uploads\/2024\/10\/ig_logo.png\" alt=\"\" class=\"wp-image-7\" style=\"aspect-ratio:1;object-fit:cover\"\/><\/figure>\n<\/figure>\n\n\n\n<div class=\"wp-block-group is-vertical is-content-justification-center is-nowrap is-layout-flex wp-container-core-group-is-layout-6 wp-block-group-is-layout-flex\">\n<p class=\"has-text-align-center has-small-font-size\"><strong>Marina&nbsp;B\u00e4\u00dfler<\/strong><\/p>\n\n\n\n<p class=\"has-text-align-center has-small-font-size\">Schriftf\u00fchrerin<\/p>\n<\/div>\n<\/div>\n\n\n\n<div class=\"wp-block-column is-layout-flow wp-block-column-is-layout-flow\">\n<figure class=\"wp-block-gallery has-nested-images columns-default is-cropped wp-block-gallery-12 is-layout-flex wp-block-gallery-is-layout-flex\">\n<figure class=\"wp-block-image size-full is-style-rounded is-style-rounded--11\"><img loading=\"lazy\" decoding=\"async\" width=\"1920\" height=\"2560\" src=\"https:\/\/ig-marialinden.de\/wp-content\/uploads\/2024\/10\/20220130_113938-scaled-1.jpg\" alt=\"\" class=\"wp-image-36\" style=\"aspect-ratio:1;object-fit:cover\" srcset=\"https:\/\/ig-marialinden.de\/wp-content\/uploads\/2024\/10\/20220130_113938-scaled-1.jpg 1920w, https:\/\/ig-marialinden.de\/wp-content\/uploads\/2024\/10\/20220130_113938-scaled-1-225x300.jpg 225w, https:\/\/ig-marialinden.de\/wp-content\/uploads\/2024\/10\/20220130_113938-scaled-1-768x1024.jpg 768w, https:\/\/ig-marialinden.de\/wp-content\/uploads\/2024\/10\/20220130_113938-scaled-1-1152x1536.jpg 1152w, https:\/\/ig-marialinden.de\/wp-content\/uploads\/2024\/10\/20220130_113938-scaled-1-1536x2048.jpg 1536w\" sizes=\"auto, (max-width: 1920px) 100vw, 1920px\" \/><\/figure>\n<\/figure>\n\n\n\n<div class=\"wp-block-group is-vertical is-content-justification-center is-nowrap is-layout-flex wp-container-core-group-is-layout-7 wp-block-group-is-layout-flex\">\n<p class=\"has-text-align-center has-small-font-size\"><strong>Simon Hofest\u00e4dt<\/strong><\/p>\n\n\n\n<p class=\"has-text-align-center has-small-font-size\">1. Beisitzer<\/p>\n<\/div>\n<\/div>\n\n\n\n<div class=\"wp-block-column is-layout-flow wp-block-column-is-layout-flow\">\n<figure class=\"wp-block-gallery has-nested-images columns-default is-cropped wp-block-gallery-14 is-layout-flex wp-block-gallery-is-layout-flex\">\n<figure class=\"wp-block-image size-full is-style-rounded is-style-rounded--13\"><img loading=\"lazy\" decoding=\"async\" width=\"122\" height=\"120\" src=\"https:\/\/ig-marialinden.de\/wp-content\/uploads\/2024\/10\/ig_logo.png\" alt=\"\" class=\"wp-image-7\" style=\"aspect-ratio:1;object-fit:cover\"\/><\/figure>\n<\/figure>\n\n\n\n<div class=\"wp-block-group is-vertical is-content-justification-center is-nowrap is-layout-flex wp-container-core-group-is-layout-8 wp-block-group-is-layout-flex\">\n<p class=\"has-text-align-center has-small-font-size\"><strong>Christina Rau<\/strong><\/p>\n\n\n\n<p class=\"has-text-align-center has-small-font-size\">2. Beisitzer<br><\/p>\n<\/div>\n<\/div>\n\n\n\n<div class=\"wp-block-column is-layout-flow wp-block-column-is-layout-flow\">\n<div class=\"wp-block-group is-vertical is-content-justification-center is-nowrap is-layout-flex wp-container-core-group-is-layout-9 wp-block-group-is-layout-flex\">\n<p class=\"has-text-align-center has-small-font-size\"><\/p>\n<\/div>\n<\/div>\n<\/div>\n<\/div>\n<\/div>\n<\/div>\n<\/div>\n\n\n\n<p><\/p>\n","protected":false},"excerpt":{"rendered":"<p>Alaaf zusammen! Willkommen auf der n\u00e4rrischen Vorstandsseite unseres Karnevalsvereins, der jedes Jahr den buntesten Karnevalszug weit und breit auf die Beine stellt! Hier pr\u00e4sentieren wir euch die schillernden Pers\u00f6nlichkeiten, die hinter den Kulissen die Bonbons z\u00e4hlen, die Wagen schm\u00fccken und die Musikkapellen in Stimmung bringen. Lernt unsere fr\u00f6hlichen Chaoskoordinatoren kennen, die mit viel Humor und [&hellip;]<\/p>\n","protected":false},"author":1,"featured_media":0,"parent":0,"menu_order":0,"comment_status":"closed","ping_status":"closed","template":"","meta":{"footnotes":""},"class_list":["post-28","page","type-page","status-publish","hentry"],"_links":{"self":[{"href":"https:\/\/ig-marialinden.de\/index.php?rest_route=\/wp\/v2\/pages\/28","targetHints":{"allow":["GET"]}}],"collection":[{"href":"https:\/\/ig-marialinden.de\/index.php?rest_route=\/wp\/v2\/pages"}],"about":[{"href":"https:\/\/ig-marialinden.de\/index.php?rest_route=\/wp\/v2\/types\/page"}],"author":[{"embeddable":true,"href":"https:\/\/ig-marialinden.de\/index.php?rest_route=\/wp\/v2\/users\/1"}],"replies":[{"embeddable":true,"href":"https:\/\/ig-marialinden.de\/index.php?rest_route=%2Fwp%2Fv2%2Fcomments&post=28"}],"version-history":[{"count":11,"href":"https:\/\/ig-marialinden.de\/index.php?rest_route=\/wp\/v2\/pages\/28\/revisions"}],"predecessor-version":[{"id":141,"href":"https:\/\/ig-marialinden.de\/index.php?rest_route=\/wp\/v2\/pages\/28\/revisions\/141"}],"wp:attachment":[{"href":"https:\/\/ig-marialinden.de\/index.php?rest_route=%2Fwp%2Fv2%2Fmedia&parent=28"}],"curies":[{"name":"wp","href":"https:\/\/api.w.org\/{rel}","templated":true}]}}

<div class="wp-block-columns alignwide is-layout-flex wp-container-core-columns-is-layout-3 wp-block-columns-is-layout-flex">
<div class="wp-block-column is-layout-flow wp-block-column-is-layout-flow">
<div class="wp-block-group alignfull has-global-padding is-layout-constrained wp-container-core-group-is-layout-11 wp-block-group-is-layout-constrained" style="margin-top:0;margin-bottom:0;padding-top:var(--wp--preset--spacing--50);padding-right:var(--wp--preset--spacing--50);padding-bottom:var(--wp--preset--spacing--50);padding-left:var(--wp--preset--spacing--50)">
<div class="wp-block-group is-vertical is-content-justification-center is-layout-flex wp-container-core-group-is-layout-1 wp-block-group-is-layout-flex">
<p class="has-text-align-center">Alaaf zusammen! Willkommen auf der närrischen Vorstandsseite unseres Karnevalsvereins, der jedes Jahr den buntesten Karnevalszug weit und breit auf die Beine stellt! Hier präsentieren wir euch die schillernden Persönlichkeiten, die hinter den Kulissen die Bonbons zählen, die Wagen schmücken und die Musikkapellen in Stimmung bringen. Lernt unsere fröhlichen Chaoskoordinatoren kennen, die mit viel Humor und einer ordentlichen Portion Konfetti das närrische Treiben auf die Straßen zaubern. Also setzt eure Narrenkappen auf und taucht ein in die bunte Welt unseres Vorstands!</p>
</div>



<div style="height:var(--wp--preset--spacing--30)" aria-hidden="true" class="wp-block-spacer"></div>



<div class="wp-block-columns alignwide is-layout-flex wp-container-core-columns-is-layout-1 wp-block-columns-is-layout-flex" style="padding-right:0;padding-left:0">
<div class="wp-block-column is-layout-flow wp-block-column-is-layout-flow">
<figure class="wp-block-gallery has-nested-images columns-default is-cropped wp-block-gallery-2 is-layout-flex wp-block-gallery-is-layout-flex">
<figure class="wp-block-image size-full is-style-rounded is-style-rounded--1"><img loading="lazy" decoding="async" width="1920" height="2560" src="https://ig-marialinden.de/wp-content/uploads/2024/10/20220130_113039-scaled-2.jpg" alt="" class="wp-image-35" style="aspect-ratio:1;object-fit:cover" srcset="https://ig-marialinden.de/wp-content/uploads/2024/10/20220130_113039-scaled-2.jpg 1920w, https://ig-marialinden.de/wp-content/uploads/2024/10/20220130_113039-scaled-2-225x300.jpg 225w, https://ig-marialinden.de/wp-content/uploads/2024/10/20220130_113039-scaled-2-768x1024.jpg 768w, https://ig-marialinden.de/wp-content/uploads/2024/10/20220130_113039-scaled-2-1152x1536.jpg 1152w, https://ig-marialinden.de/wp-content/uploads/2024/10/20220130_113039-scaled-2-1536x2048.jpg 1536w" sizes="auto, (max-width: 1920px) 100vw, 1920px" /></figure>
</figure>



<div class="wp-block-group is-vertical is-content-justification-center is-nowrap is-layout-flex wp-container-core-group-is-layout-2 wp-block-group-is-layout-flex">
<p class="has-text-align-center has-small-font-size"><strong>Christian&nbsp;Merten</strong></p>



<p class="has-text-align-center has-small-font-size">1. Vorsitzender</p>
</div>
</div>



<div class="wp-block-column is-layout-flow wp-block-column-is-layout-flow">
<figure class="wp-block-gallery has-nested-images columns-default is-cropped wp-block-gallery-4 is-layout-flex wp-block-gallery-is-layout-flex">
<figure class="wp-block-image size-full is-style-rounded is-style-rounded--3"><img loading="lazy" decoding="async" width="1920" height="2560" src="https://ig-marialinden.de/wp-content/uploads/2024/10/20220130_1130270-scaled-1.jpg" alt="" class="wp-image-38" style="aspect-ratio:1;object-fit:cover" srcset="https://ig-marialinden.de/wp-content/uploads/2024/10/20220130_1130270-scaled-1.jpg 1920w, https://ig-marialinden.de/wp-content/uploads/2024/10/20220130_1130270-scaled-1-225x300.jpg 225w, https://ig-marialinden.de/wp-content/uploads/2024/10/20220130_1130270-scaled-1-768x1024.jpg 768w, https://ig-marialinden.de/wp-content/uploads/2024/10/20220130_1130270-scaled-1-1152x1536.jpg 1152w, https://ig-marialinden.de/wp-content/uploads/2024/10/20220130_1130270-scaled-1-1536x2048.jpg 1536w" sizes="auto, (max-width: 1920px) 100vw, 1920px" /></figure>
</figure>



<div class="wp-block-group is-vertical is-content-justification-center is-nowrap is-layout-flex wp-container-core-group-is-layout-3 wp-block-group-is-layout-flex">
<p class="has-text-align-center has-small-font-size"><strong>Erik Welzel</strong></p>



<p class="has-text-align-center has-small-font-size">2. Vorsitzender</p>
</div>
</div>



<div class="wp-block-column is-layout-flow wp-block-column-is-layout-flow">
<figure class="wp-block-gallery has-nested-images columns-default is-cropped wp-block-gallery-6 is-layout-flex wp-block-gallery-is-layout-flex">
<figure class="wp-block-image size-full is-style-rounded is-style-rounded--5"><img loading="lazy" decoding="async" width="1920" height="2560" src="https://ig-marialinden.de/wp-content/uploads/2024/10/20220130_1127370-scaled-1.jpg" alt="" class="wp-image-37" style="aspect-ratio:1;object-fit:cover" srcset="https://ig-marialinden.de/wp-content/uploads/2024/10/20220130_1127370-scaled-1.jpg 1920w, https://ig-marialinden.de/wp-content/uploads/2024/10/20220130_1127370-scaled-1-225x300.jpg 225w, https://ig-marialinden.de/wp-content/uploads/2024/10/20220130_1127370-scaled-1-768x1024.jpg 768w, https://ig-marialinden.de/wp-content/uploads/2024/10/20220130_1127370-scaled-1-1152x1536.jpg 1152w, https://ig-marialinden.de/wp-content/uploads/2024/10/20220130_1127370-scaled-1-1536x2048.jpg 1536w" sizes="auto, (max-width: 1920px) 100vw, 1920px" /></figure>
</figure>



<div class="wp-block-group is-vertical is-content-justification-center is-nowrap is-layout-flex wp-container-core-group-is-layout-4 wp-block-group-is-layout-flex">
<p class="has-text-align-center has-small-font-size"><strong>Ute&nbsp;Urner</strong></p>



<p class="has-text-align-center has-small-font-size">1.Kassiererin<br></p>
</div>
</div>



<div class="wp-block-column is-layout-flow wp-block-column-is-layout-flow">
<figure class="wp-block-gallery has-nested-images columns-default is-cropped wp-block-gallery-8 is-layout-flex wp-block-gallery-is-layout-flex">
<figure class="wp-block-image size-full is-style-rounded is-style-rounded--7"><img loading="lazy" decoding="async" width="122" height="120" src="https://ig-marialinden.de/wp-content/uploads/2024/10/ig_logo.png" alt="" class="wp-image-7" style="aspect-ratio:1;object-fit:cover"/></figure>
</figure>



<div class="wp-block-group is-vertical is-content-justification-center is-nowrap is-layout-flex wp-container-core-group-is-layout-5 wp-block-group-is-layout-flex">
<p class="has-text-align-center has-small-font-size"><strong>Alexandra Stumpf</strong></p>



<p class="has-text-align-center has-small-font-size">2.Kassiererin</p>
</div>
</div>
</div>



<div class="wp-block-group alignfull has-global-padding is-layout-constrained wp-container-core-group-is-layout-10 wp-block-group-is-layout-constrained" style="margin-top:0;margin-bottom:0;padding-top:var(--wp--preset--spacing--50);padding-right:var(--wp--preset--spacing--50);padding-bottom:var(--wp--preset--spacing--50);padding-left:var(--wp--preset--spacing--50)">
<div style="height:var(--wp--preset--spacing--30)" aria-hidden="true" class="wp-block-spacer"></div>



<div class="wp-block-columns alignwide is-layout-flex wp-container-core-columns-is-layout-2 wp-block-columns-is-layout-flex" style="padding-right:0;padding-left:0">
<div class="wp-block-column is-layout-flow wp-block-column-is-layout-flow">
<figure class="wp-block-gallery has-nested-images columns-default is-cropped wp-block-gallery-10 is-layout-flex wp-block-gallery-is-layout-flex">
<figure class="wp-block-image size-full is-style-rounded is-style-rounded--9"><img loading="lazy" decoding="async" width="122" height="120" src="https://ig-marialinden.de/wp-content/uploads/2024/10/ig_logo.png" alt="" class="wp-image-7" style="aspect-ratio:1;object-fit:cover"/></figure>
</figure>



<div class="wp-block-group is-vertical is-content-justification-center is-nowrap is-layout-flex wp-container-core-group-is-layout-6 wp-block-group-is-layout-flex">
<p class="has-text-align-center has-small-font-size"><strong>Marina&nbsp;Bäßler</strong></p>



<p class="has-text-align-center has-small-font-size">Schriftführerin</p>
</div>
</div>



<div class="wp-block-column is-layout-flow wp-block-column-is-layout-flow">
<figure class="wp-block-gallery has-nested-images columns-default is-cropped wp-block-gallery-12 is-layout-flex wp-block-gallery-is-layout-flex">
<figure class="wp-block-image size-full is-style-rounded is-style-rounded--11"><img loading="lazy" decoding="async" width="1920" height="2560" src="https://ig-marialinden.de/wp-content/uploads/2024/10/20220130_113938-scaled-1.jpg" alt="" class="wp-image-36" style="aspect-ratio:1;object-fit:cover" srcset="https://ig-marialinden.de/wp-content/uploads/2024/10/20220130_113938-scaled-1.jpg 1920w, https://ig-marialinden.de/wp-content/uploads/2024/10/20220130_113938-scaled-1-225x300.jpg 225w, https://ig-marialinden.de/wp-content/uploads/2024/10/20220130_113938-scaled-1-768x1024.jpg 768w, https://ig-marialinden.de/wp-content/uploads/2024/10/20220130_113938-scaled-1-1152x1536.jpg 1152w, https://ig-marialinden.de/wp-content/uploads/2024/10/20220130_113938-scaled-1-1536x2048.jpg 1536w" sizes="auto, (max-width: 1920px) 100vw, 1920px" /></figure>
</figure>



<div class="wp-block-group is-vertical is-content-justification-center is-nowrap is-layout-flex wp-container-core-group-is-layout-7 wp-block-group-is-layout-flex">
<p class="has-text-align-center has-small-font-size"><strong>Simon Hofestädt</strong></p>



<p class="has-text-align-center has-small-font-size">1. Beisitzer</p>
</div>
</div>



<div class="wp-block-column is-layout-flow wp-block-column-is-layout-flow">
<figure class="wp-block-gallery has-nested-images columns-default is-cropped wp-block-gallery-14 is-layout-flex wp-block-gallery-is-layout-flex">
<figure class="wp-block-image size-full is-style-rounded is-style-rounded--13"><img loading="lazy" decoding="async" width="122" height="120" src="https://ig-marialinden.de/wp-content/uploads/2024/10/ig_logo.png" alt="" class="wp-image-7" style="aspect-ratio:1;object-fit:cover"/></figure>
</figure>



<div class="wp-block-group is-vertical is-content-justification-center is-nowrap is-layout-flex wp-container-core-group-is-layout-8 wp-block-group-is-layout-flex">
<p class="has-text-align-center has-small-font-size"><strong>Christina Rau</strong></p>



<p class="has-text-align-center has-small-font-size">2. Beisitzer<br></p>
</div>
</div>



<div class="wp-block-column is-layout-flow wp-block-column-is-layout-flow">
<div class="wp-block-group is-vertical is-content-justification-center is-nowrap is-layout-flex wp-container-core-group-is-layout-9 wp-block-group-is-layout-flex">
<p class="has-text-align-center has-small-font-size"></p>
</div>
</div>
</div>
</div>
</div>
</div>
</div>



<p></p>

<p>Alaaf zusammen! Willkommen auf der närrischen Vorstandsseite unseres Karnevalsvereins, der jedes Jahr den buntesten Karnevalszug weit und breit auf die Beine stellt! Hier präsentieren wir euch die schillernden Persönlichkeiten, die hinter den Kulissen die Bonbons zählen, die Wagen schmücken und die Musikkapellen in Stimmung bringen. Lernt unsere fröhlichen Chaoskoordinatoren kennen, die mit viel Humor und [&hellip;]</p>
