{"id":44,"date":"2024-10-30T19:12:14","date_gmt":"2024-10-30T19:12:14","guid":{"rendered":"http:\/\/neu.ig-marialinden.de\/?page_id=44"},"modified":"2025-11-23T11:34:18","modified_gmt":"2025-11-23T11:34:18","slug":"beitrittserklaerung","status":"publish","type":"page","link":"https:\/\/ig-marialinden.de\/?page_id=44","title":{"rendered":"Beitrittserkl\u00e4rung"},"content":{"rendered":"\n<p class=\"has-text-align-center\">Die IG Karnevalszug Marialinden 1978 e.V. freut sich \u00fcber jeden B\u00fcrger der unsere Arbeit zur&nbsp;Erhaltung des Brauchtums unterst\u00fctzt. Ob nun als aktives oder inaktives Mitglied in unserem Verein.<\/p>\n\n\n\n<p class=\"has-text-align-center\">M\u00f6chten auch Sie einen Beitrag leisten ?<\/p>\n\n\n\n<p class=\"has-text-align-center\">Dann treten Sie der Interessengemeinschaft bei.<\/p>\n\n\n\n<p class=\"has-text-align-center\">Schon mit Ihrem Jahresbeitrag von nur 30,00\u20ac ( oder auch mehr ) leisten Sie einen Beitrag zur Pflege und Erhalt des Brauchtums.<\/p>\n\n\n\n<p class=\"has-text-align-center\">F\u00fcr Spenden zu Gunsten unseres gemeinn\u00fctzigen Vereins k\u00f6nnen Sie auch eine Spendenquittung erhalten.<\/p>\n\n\n\n<div class=\"wp-block-group alignfull has-global-padding is-layout-constrained wp-container-core-group-is-layout-1 wp-block-group-is-layout-constrained\" style=\"padding-top:var(--wp--preset--spacing--50);padding-right:var(--wp--preset--spacing--50);padding-bottom:var(--wp--preset--spacing--50);padding-left:var(--wp--preset--spacing--50)\">\n<figure class=\"wp-block-image aligncenter size-full is-style-rounded is-style-rounded--1\"><img loading=\"lazy\" decoding=\"async\" width=\"1200\" height=\"450\" src=\"http:\/\/neu.ig-marialinden.de\/wp-content\/uploads\/2024\/10\/mitglied_werden.jpg\" alt=\"\" class=\"wp-image-45\" srcset=\"https:\/\/ig-marialinden.de\/wp-content\/uploads\/2024\/10\/mitglied_werden.jpg 1200w, https:\/\/ig-marialinden.de\/wp-content\/uploads\/2024\/10\/mitglied_werden-300x113.jpg 300w, https:\/\/ig-marialinden.de\/wp-content\/uploads\/2024\/10\/mitglied_werden-1024x384.jpg 1024w, https:\/\/ig-marialinden.de\/wp-content\/uploads\/2024\/10\/mitglied_werden-768x288.jpg 768w\" sizes=\"auto, (max-width: 1200px) 100vw, 1200px\" \/><\/figure>\n\n\n\n<div data-wp-interactive=\"core\/file\" class=\"wp-block-file\"><object data-wp-bind--hidden=\"!state.hasPdfPreview\" hidden class=\"wp-block-file__embed\" data=\"https:\/\/ig-marialinden.de\/wp-content\/uploads\/2025\/11\/Beitrittserklaerung.pdf\" type=\"application\/pdf\" style=\"width:100%;height:600px\" aria-label=\"Einbettung von Beitrittserkl\u00e4rung.\"><\/object><a id=\"wp-block-file--media-e0fc3320-c989-44c6-acd3-9b67633035dc\" href=\"https:\/\/ig-marialinden.de\/wp-content\/uploads\/2025\/11\/Beitrittserklaerung.pdf\">Beitrittserkl\u00e4rung<\/a><a href=\"https:\/\/ig-marialinden.de\/wp-content\/uploads\/2025\/11\/Beitrittserklaerung.pdf\" class=\"wp-block-file__button wp-element-button\" download aria-describedby=\"wp-block-file--media-e0fc3320-c989-44c6-acd3-9b67633035dc\">Herunterladen<\/a><\/div>\n<\/div>\n\n\n\n<div class=\"wp-block-group alignfull has-base-color has-contrast-background-color has-text-color has-background has-global-padding is-layout-constrained wp-container-core-group-is-layout-3 wp-block-group-is-layout-constrained\" style=\"margin-top:0;margin-bottom:0;padding-top:var(--wp--preset--spacing--60);padding-right:var(--wp--preset--spacing--60);padding-bottom:var(--wp--preset--spacing--60);padding-left:var(--wp--preset--spacing--60)\">\n<div class=\"wp-block-group has-global-padding is-layout-constrained wp-block-group-is-layout-constrained\">\n<p class=\"has-text-align-center has-base-color has-text-color has-heading-font-family has-x-large-font-size\" style=\"line-height:1.2\"><em>\u201eVerkleiden, feiern, fr\u00f6hlich sein \u2013 tritt ein in unseren Narrenverein!\u201c<\/em><\/p>\n\n\n\n<div style=\"height:var(--wp--preset--spacing--10)\" aria-hidden=\"true\" class=\"wp-block-spacer\"><\/div>\n<\/div>\n<\/div>\n","protected":false},"excerpt":{"rendered":"<p>Die IG Karnevalszug Marialinden 1978 e.V. freut sich \u00fcber jeden B\u00fcrger der unsere Arbeit zur&nbsp;Erhaltung des Brauchtums unterst\u00fctzt. Ob nun als aktives oder inaktives Mitglied in unserem Verein. M\u00f6chten auch Sie einen Beitrag leisten ? Dann treten Sie der Interessengemeinschaft bei. Schon mit Ihrem Jahresbeitrag von nur 30,00\u20ac ( oder auch mehr ) leisten Sie [&hellip;]<\/p>\n","protected":false},"author":1,"featured_media":0,"parent":0,"menu_order":0,"comment_status":"closed","ping_status":"closed","template":"","meta":{"footnotes":""},"class_list":["post-44","page","type-page","status-publish","hentry"],"_links":{"self":[{"href":"https:\/\/ig-marialinden.de\/index.php?rest_route=\/wp\/v2\/pages\/44","targetHints":{"allow":["GET"]}}],"collection":[{"href":"https:\/\/ig-marialinden.de\/index.php?rest_route=\/wp\/v2\/pages"}],"about":[{"href":"https:\/\/ig-marialinden.de\/index.php?rest_route=\/wp\/v2\/types\/page"}],"author":[{"embeddable":true,"href":"https:\/\/ig-marialinden.de\/index.php?rest_route=\/wp\/v2\/users\/1"}],"replies":[{"embeddable":true,"href":"https:\/\/ig-marialinden.de\/index.php?rest_route=%2Fwp%2Fv2%2Fcomments&post=44"}],"version-history":[{"count":7,"href":"https:\/\/ig-marialinden.de\/index.php?rest_route=\/wp\/v2\/pages\/44\/revisions"}],"predecessor-version":[{"id":149,"href":"https:\/\/ig-marialinden.de\/index.php?rest_route=\/wp\/v2\/pages\/44\/revisions\/149"}],"wp:attachment":[{"href":"https:\/\/ig-marialinden.de\/index.php?rest_route=%2Fwp%2Fv2%2Fmedia&parent=44"}],"curies":[{"name":"wp","href":"https:\/\/api.w.org\/{rel}","templated":true}]}}